mon divisor of 199311694 and 4781.
683
What is the greatest common divisor of 14234 and 14673313?
647
Calculate the highest common divisor of 7071101 and 530.
53
Calculate the highest common divisor of 60 and 9992844.
12
Calculate the greatest common divisor of 2646 and 355860.
54
What is the greatest common factor of 272 and 7372944?
16
Calculate the greatest common divisor of 394590600 and 400.
200
What is the greatest common divisor of 106397339 and 3434?
1717
What is the highest common factor of 3046 and 75227062?
3046
What is the greatest common divisor of 377 and 60099?
13
What is the greatest common divisor of 34 and 3595081885?
17
What is the highest common factor of 984285 and 166185?
135
Calculate the greatest common factor of 690 and 4283382.
138
What is the greatest common divisor of 9472304 and 192?
16
What is the greatest common divisor of 1667224 and 284947?
299
Calculate the greatest common factor of 128 and 379136704.
64
Calculate the greatest common divisor of 2311643 and 1700.
17
Calculate the greatest common factor of 3534 and 4317294.
114
Calculate the greatest common divisor of 4532279 and 9977.
907
Calculate the highest common divisor of 373880 and 4147.
13
What is the highest common factor of 143940 and 210660?
60
Calculate the highest common factor of 96454753 and 901.
901
What is the greatest common divisor of 74610 and 135?
45
What is the highest common factor of 809482 and 32234?
454
Calculate the highest common divisor of 750 and 150052980.
30
Calculate the greatest common factor of 96 and 320808.
24
Calculate the greatest common divisor of 129318189 and 45045.
3003
What is the greatest common divisor of 23828 and 147683?
23
Calculate the greatest common divisor of 7227248 and 203.
7
What is the greatest common divisor of 12446588 and 1757?
1757
What is the highest common factor of 49337 and 1254022?
479
What is the greatest common divisor of 5379 and 155340141?
5379
Calculate the greatest common factor of 1004846 and 60014.
74
Calculate the highest common factor of 680 and 89006560.
680
What is the greatest common factor of 35887415 and 1510?
755
Calculate the greatest common divisor of 77660888 and 287.
41
What is the greatest common divisor of 8656 and 5768142?
1082
Calculate the greatest common divisor of 4356 and 63836454.
726
What is the greatest common factor of 3744 and 15146208?
288
Calculate the greatest common factor of 42318792 and 320823.
7461
Calculate the greatest common divisor of 69844 and 1976.
76
Calculate the highest common divisor of 24190 and 1122580.
410
What is the highest common divisor of 13221 and 246259?
13
Calculate the highest common divisor of 1840865 and 78273.
2899
What is the highest common factor of 354956 and 15876?
196
Calculate the highest common factor of 701675 and 4199.
221
Calculate the highest common factor of 10356 and 339342819.
2589
What is the greatest common factor of 7048 and 13086374?
1762
What is the greatest common factor of 302 and 100470568?
302
Calculate the greatest common factor of 10438 and 538849.
17
Calculate the highest common divisor of 134569152 and 3805.
761
What is the highest common factor of 743575 and 58800?
1225
What is the highest common divisor of 5 and 117628655?
5
Calculate the greatest common factor of 1992 and 2123970.
498
Calculate the greatest common factor of 301002807 and 703.
703
What is the highest common divisor of 504 and 3759728?
56
What is the greatest common divisor of 216423 and 3252573?
1557
What is the greatest common factor of 455 and 27968486?
91
What is the highest common divisor of 3460 and 54224255?
865
Calculate the highest common divisor of 119505900 and 48.
12
What is the greatest common divisor of 308 and 2118872?
28
Calculate the highest common factor of 42192 and 6141573.
2637
Calculate the highest common factor of 660490 and 1959625.
1285
Calculate the highest common divisor of 68479143 and 451.
41
Calculate the highest common factor of 4784 and 2174926.
598
What is the highest common factor of 666691 and 2603?
19
Calculate the highest common divisor of 68 and 5173083.
17
What is the highest common divisor of 876748924 and 14072?
7036
Calculate the greatest common divisor of 154872 and 20552088.
5736
What is the highest common divisor of 6 and 50200584?
6
What is the greatest common factor of 431151 and 637?
49
Calculate the highest common factor of 15504 and 923514.
114
Calculate the highest common factor of 5194556 and 88996.
4684
Calculate the highest common factor of 48504 and 920028.
516
What is the highest common divisor of 3 and 21198972?
3
What is the highest common factor of 50125131 and 6398?
3199
Calculate the greatest common factor of 3 and 45964773.
3
Calculate the greatest common factor of 80 and 11735110.
10
What is the highest common factor of 162179220 and 35280?
2940
Calculate the highest common divisor of 123284 and 2368.
148
What is the highest common divisor of 5913 and 9081?
9
What is the highest common divisor of 22335591 and 409457?
5767
What is the greatest common factor of 3037200 and 240600?
600
Calculate the highest common divisor of 107089619 and 182.
91
What is the highest common factor of 2065563 and 1116?
9
Calculate the greatest common divisor of 5474 and 710010.
322
Calculate the greatest common divisor of 12757272 and 242.
242
Calculate the greatest common divisor of 28440 and 15762720.
120
What is the highest common divisor of 481236 and 918?
102
Calculate the greatest common divisor of 27609700 and 5.
5
Calculate the highest common divisor of 35176635 and 234.
117
Calculate the greatest common factor of 64 and 110332.
4
Calculate the greatest common factor of 15141 and 4391625.
147
What is the highest common factor of 114 and 5466642?
114
What is the highest common divisor of 7259 and 7297979?
61
Calculate the greatest common divisor of 9216 and 14436.
36
Calculate the highest common factor of 774200 and 134050.
350
Calculate the greatest common divisor of 38252160 and 4800.
960
What is the greatest common divisor of 5512 and 383720?
424
What is the highest common divisor of 80 and 3253390?
10
What is the highest common divisor of 1794 and 535938?
78
Calculate the highest common divisor of 3060 and 58967220.
1020
What is the highest common divisor of 5729 and 488650?
337
Calculate the greatest common divisor of 1053739134 and 18.
18
Calculate the highest common divisor of 228448 and 1615592.
968
Calculate the greatest common divisor of 648 and 115663032.
216
What is the highest common divisor of 12 and 3285268212?
12
What is the highest common factor of 10372734 and 90306?
3114
What is the highest common divisor of 453397242 and 18?
6
Calculate the highest common divisor of 694409723 and 955.
191
Calculate the greatest common factor of 114043869 and 903.
129
Calculate the greatest common factor of 2816112 and 73060.
52
What is the highest common factor of 91 and 965927872?
91
Calculate the highest common factor of 38274444 and 34476.
2028
Calculate the greatest common factor of 1880632 and 59064.
856
What is the highest common divisor of 3752 and 120090264?
3752
Calculate the greatest common factor of 74597 and 4.
1
What is the highest common divisor of 3045 and 10512355?
1015
What is the greatest common factor of 124 and 28685447?
31
What is the highest common factor of 22980055 and 8799?
2933
What is the greatest common divisor of 17867106 and 17610?
3522
What is the highest common factor of 2 and 25503832?
2
Calculate the greatest common divisor of 341484 and 5433098.
4378
What is the highest common factor of 45510399 and 3267?
1089
Calculate the greatest common divisor of 190872 and 4224.
264
What is the highest common divisor of 2750 and 48817450?
550
Calculate the greatest common divisor of 791 and 63028.
7
What is the highest common factor of 464 and 22985168?
464
Calculate the highest common divisor of 3445 and 543321285.
3445
Calculate the highest common factor of 612 and 47072252.
68
Calculate the highest common divisor of 614592 and 1940.
388
Calculate the greatest common factor of 2390 and 3011130.
10
Calculate the greatest common divisor of 409394 and 131818.
34
What is the highest common factor of 8754325 and 1205?
1205
What is the greatest common factor of 394